{"id":7,"date":"2018-09-05T21:29:46","date_gmt":"2018-09-05T19:29:46","guid":{"rendered":"http:\/\/lecosydelagare.fr\/?page_id=7"},"modified":"2023-03-12T20:54:20","modified_gmt":"2023-03-12T19:54:20","slug":"accueil","status":"publish","type":"page","link":"https:\/\/lecosydelagare.fr\/","title":{"rendered":"Le Cosy de la Gare"},"content":{"rendered":"<div class=\"wp-block-image\">\n<figure class=\"aligncenter size-full\"><img decoding=\"async\" loading=\"lazy\" width=\"876\" height=\"569\" src=\"http:\/\/lecosydelagare.fr\/wp-content\/uploads\/2018\/09\/DSC_0193_15-1.jpg\" alt=\"\" class=\"wp-image-62\" srcset=\"https:\/\/lecosydelagare.fr\/wp-content\/uploads\/2018\/09\/DSC_0193_15-1.jpg 876w, https:\/\/lecosydelagare.fr\/wp-content\/uploads\/2018\/09\/DSC_0193_15-1-300x195.jpg 300w, https:\/\/lecosydelagare.fr\/wp-content\/uploads\/2018\/09\/DSC_0193_15-1-768x499.jpg 768w\" sizes=\"(max-width: 876px) 100vw, 876px\" \/><\/figure><\/div>\n\n\n<p><strong>Venez le d\u00e9couvrir, il est \u00e0 Colmar \u00e0 deux pas de la gare.<\/strong><\/p>\n\n\n\n<p>Location saisonni\u00e8re d\u2019un appartement climatis\u00e9 de caract\u00e8re, dot\u00e9 d\u2019un garage et situ\u00e9 \u00e0 c\u00f4t\u00e9 de la gare, \u00e0 quelques minutes \u00e0 pied du centre ville. De l\u00e0, vous pourrez d\u00e9couvrir Colmar et d\u00e9ambuler dans ses ruelles et vous laisser charmer par cette cit\u00e9.<\/p>\n\n\n\n<div class=\"is-layout-flex wp-container-3 wp-block-columns\">\n<div class=\"is-layout-flow wp-block-column\">\n<figure class=\"wp-block-image size-full\"><img decoding=\"async\" loading=\"lazy\" width=\"768\" height=\"564\" src=\"http:\/\/lecosydelagare.fr\/wp-content\/uploads\/2018\/09\/DSC_0236_15.jpg\" alt=\"\" class=\"wp-image-58\" srcset=\"https:\/\/lecosydelagare.fr\/wp-content\/uploads\/2018\/09\/DSC_0236_15.jpg 768w, https:\/\/lecosydelagare.fr\/wp-content\/uploads\/2018\/09\/DSC_0236_15-300x220.jpg 300w\" sizes=\"(max-width: 768px) 100vw, 768px\" \/><\/figure>\n<\/div>\n\n\n\n<div class=\"is-layout-flow wp-block-column\">\n<figure class=\"wp-block-image size-full\"><img decoding=\"async\" loading=\"lazy\" width=\"862\" height=\"579\" src=\"http:\/\/lecosydelagare.fr\/wp-content\/uploads\/2019\/02\/pDSC_4224.jpg\" alt=\"\" class=\"wp-image-104\" srcset=\"https:\/\/lecosydelagare.fr\/wp-content\/uploads\/2019\/02\/pDSC_4224.jpg 862w, https:\/\/lecosydelagare.fr\/wp-content\/uploads\/2019\/02\/pDSC_4224-300x202.jpg 300w, https:\/\/lecosydelagare.fr\/wp-content\/uploads\/2019\/02\/pDSC_4224-768x516.jpg 768w\" sizes=\"(max-width: 862px) 100vw, 862px\" \/><\/figure>\n<\/div>\n<\/div>\n\n\n\n<p>Il se situe au rez-de-chauss\u00e9e d\u2019une maison de ma\u00eetre. Vous y d\u00e9couvrirez son cachet&nbsp;: il est orn\u00e9 aux plafonds et aux murs de tr\u00e8s belles moulures, de radiateurs haussmanniens et de parquets de ch\u00eane.<\/p>\n\n\n\n<div class=\"is-layout-flex wp-container-6 wp-block-columns\">\n<div class=\"is-layout-flow wp-block-column\">\n<figure class=\"wp-block-image size-large\"><img decoding=\"async\" loading=\"lazy\" width=\"768\" height=\"1024\" src=\"http:\/\/lecosydelagare.fr\/wp-content\/uploads\/2023\/03\/IMG_20230309_162615-768x1024.jpg\" alt=\"\" class=\"wp-image-178\" srcset=\"https:\/\/lecosydelagare.fr\/wp-content\/uploads\/2023\/03\/IMG_20230309_162615-768x1024.jpg 768w, https:\/\/lecosydelagare.fr\/wp-content\/uploads\/2023\/03\/IMG_20230309_162615-225x300.jpg 225w, https:\/\/lecosydelagare.fr\/wp-content\/uploads\/2023\/03\/IMG_20230309_162615-1152x1536.jpg 1152w, https:\/\/lecosydelagare.fr\/wp-content\/uploads\/2023\/03\/IMG_20230309_162615-1536x2048.jpg 1536w, https:\/\/lecosydelagare.fr\/wp-content\/uploads\/2023\/03\/IMG_20230309_162615-scaled.jpg 1920w\" sizes=\"(max-width: 768px) 100vw, 768px\" \/><\/figure>\n<\/div>\n\n\n\n<div class=\"is-layout-flow wp-block-column\">\n<figure class=\"wp-block-image size-full\"><img decoding=\"async\" loading=\"lazy\" width=\"760\" height=\"507\" src=\"http:\/\/lecosydelagare.fr\/wp-content\/uploads\/2019\/02\/pDSC_4204.jpg\" alt=\"\" class=\"wp-image-92\" srcset=\"https:\/\/lecosydelagare.fr\/wp-content\/uploads\/2019\/02\/pDSC_4204.jpg 760w, https:\/\/lecosydelagare.fr\/wp-content\/uploads\/2019\/02\/pDSC_4204-300x200.jpg 300w\" sizes=\"(max-width: 760px) 100vw, 760px\" \/><\/figure>\n<\/div>\n<\/div>\n\n\n\n<p>Son orientation et ses grandes fen\u00eatres lui conf\u00e8rent une tr\u00e8s belle luminosit\u00e9. Sa superficie est de 80 m\u00b2. Il est compos\u00e9 de trois chambres, d\u2019une cuisine am\u00e9nag\u00e9e ainsi qu\u2019une salle de bain avec une douche et d\u2019un W.C. s\u00e9par\u00e9.<\/p>\n\n\n\n<div class=\"is-layout-flex wp-container-9 wp-block-columns\">\n<div class=\"is-layout-flow wp-block-column\">\n<figure class=\"wp-block-image size-full\"><img decoding=\"async\" loading=\"lazy\" width=\"783\" height=\"522\" src=\"http:\/\/lecosydelagare.fr\/wp-content\/uploads\/2019\/02\/pDSC_4200.jpg\" alt=\"\" class=\"wp-image-89\" srcset=\"https:\/\/lecosydelagare.fr\/wp-content\/uploads\/2019\/02\/pDSC_4200.jpg 783w, https:\/\/lecosydelagare.fr\/wp-content\/uploads\/2019\/02\/pDSC_4200-300x200.jpg 300w, https:\/\/lecosydelagare.fr\/wp-content\/uploads\/2019\/02\/pDSC_4200-768x512.jpg 768w\" sizes=\"(max-width: 783px) 100vw, 783px\" \/><\/figure>\n<\/div>\n\n\n\n<div class=\"is-layout-flow wp-block-column\">\n<figure class=\"wp-block-image size-full\"><img decoding=\"async\" loading=\"lazy\" width=\"867\" height=\"578\" src=\"http:\/\/lecosydelagare.fr\/wp-content\/uploads\/2019\/02\/pDSC_4215.jpg\" alt=\"\" class=\"wp-image-99\" srcset=\"https:\/\/lecosydelagare.fr\/wp-content\/uploads\/2019\/02\/pDSC_4215.jpg 867w, https:\/\/lecosydelagare.fr\/wp-content\/uploads\/2019\/02\/pDSC_4215-300x200.jpg 300w, https:\/\/lecosydelagare.fr\/wp-content\/uploads\/2019\/02\/pDSC_4215-768x512.jpg 768w\" sizes=\"(max-width: 867px) 100vw, 867px\" \/><\/figure>\n<\/div>\n<\/div>\n\n\n\n<p>Deux chambres sont am\u00e9nag\u00e9es chacune avec 3 lits de 90 cm et dans l\u2019une \u00e9galement un petit coin salon. Il y a \u00e9galement la possibilit\u00e9 de mettre un lit b\u00e9b\u00e9 en appoint. Chaque chambre dispose d\u2019un t\u00e9l\u00e9viseur.<\/p>\n\n\n\n<p>Sur le palier, se trouve la troisi\u00e8me chambre qui peut servir de chambre \u00e0 coucher avec un canap\u00e9 convertible, ou d\u2019une salle de jeux ou d\u2019un salon de d\u00e9tente avec un \u00e9cran plat. A partir de la cuisine vous pouvez acc\u00e9der \u00e0 une grande terrasse prot\u00e9g\u00e9e en bois.<\/p>\n\n\n\n<div class=\"is-layout-flex wp-container-12 wp-block-columns\">\n<div class=\"is-layout-flow wp-block-column\">\n<figure class=\"wp-block-image size-large\"><img decoding=\"async\" loading=\"lazy\" width=\"768\" height=\"1024\" src=\"http:\/\/lecosydelagare.fr\/wp-content\/uploads\/2023\/03\/IMG_20230309_162759-768x1024.jpg\" alt=\"\" class=\"wp-image-177\" srcset=\"https:\/\/lecosydelagare.fr\/wp-content\/uploads\/2023\/03\/IMG_20230309_162759-768x1024.jpg 768w, https:\/\/lecosydelagare.fr\/wp-content\/uploads\/2023\/03\/IMG_20230309_162759-225x300.jpg 225w, https:\/\/lecosydelagare.fr\/wp-content\/uploads\/2023\/03\/IMG_20230309_162759-1152x1536.jpg 1152w, https:\/\/lecosydelagare.fr\/wp-content\/uploads\/2023\/03\/IMG_20230309_162759-1536x2048.jpg 1536w, https:\/\/lecosydelagare.fr\/wp-content\/uploads\/2023\/03\/IMG_20230309_162759-scaled.jpg 1920w\" sizes=\"(max-width: 768px) 100vw, 768px\" \/><\/figure>\n<\/div>\n\n\n\n<div class=\"is-layout-flow wp-block-column\">\n<figure class=\"wp-block-image size-large\"><img decoding=\"async\" loading=\"lazy\" width=\"1024\" height=\"768\" src=\"http:\/\/lecosydelagare.fr\/wp-content\/uploads\/2023\/03\/IMG_20230309_163353-1024x768.jpg\" alt=\"\" class=\"wp-image-170\" srcset=\"https:\/\/lecosydelagare.fr\/wp-content\/uploads\/2023\/03\/IMG_20230309_163353-1024x768.jpg 1024w, https:\/\/lecosydelagare.fr\/wp-content\/uploads\/2023\/03\/IMG_20230309_163353-300x225.jpg 300w, https:\/\/lecosydelagare.fr\/wp-content\/uploads\/2023\/03\/IMG_20230309_163353-768x576.jpg 768w, https:\/\/lecosydelagare.fr\/wp-content\/uploads\/2023\/03\/IMG_20230309_163353-1536x1152.jpg 1536w, https:\/\/lecosydelagare.fr\/wp-content\/uploads\/2023\/03\/IMG_20230309_163353-2048x1536.jpg 2048w\" sizes=\"(max-width: 1024px) 100vw, 1024px\" \/><\/figure>\n<\/div>\n<\/div>\n\n\n\n<p>Ce joli appartement de caract\u00e8re est extr\u00eamement bien situ\u00e9 et peut convenir \u00e0 une ou deux familles pour passer de belles vacances.<\/p>\n\n\n\n<p>A partir de l\u00e0, vous pouvez partir \u00e0 la d\u00e9couverte de cette magnifique r\u00e9gion qu\u2019est l\u2019Alsace ou d\u00e9couvrir \u00e0 pieds cette ville merveilleuse qui contient de nombreuses surprises.<\/p>\n\n\n\n<div class=\"is-layout-flex wp-container-15 wp-block-columns\">\n<div class=\"is-layout-flow wp-block-column\">\n<figure class=\"wp-block-image size-large\"><img decoding=\"async\" loading=\"lazy\" width=\"1024\" height=\"656\" src=\"http:\/\/lecosydelagare.fr\/wp-content\/uploads\/2023\/03\/Little_Venice_in_Colmar_01-1024x656.jpg\" alt=\"\" class=\"wp-image-189\" srcset=\"https:\/\/lecosydelagare.fr\/wp-content\/uploads\/2023\/03\/Little_Venice_in_Colmar_01-1024x656.jpg 1024w, https:\/\/lecosydelagare.fr\/wp-content\/uploads\/2023\/03\/Little_Venice_in_Colmar_01-300x192.jpg 300w, https:\/\/lecosydelagare.fr\/wp-content\/uploads\/2023\/03\/Little_Venice_in_Colmar_01-768x492.jpg 768w, https:\/\/lecosydelagare.fr\/wp-content\/uploads\/2023\/03\/Little_Venice_in_Colmar_01.jpg 1280w\" sizes=\"(max-width: 1024px) 100vw, 1024px\" \/><\/figure>\n\n\n\n<figure class=\"wp-block-image size-large\"><img decoding=\"async\" loading=\"lazy\" width=\"1024\" height=\"768\" src=\"http:\/\/lecosydelagare.fr\/wp-content\/uploads\/2023\/03\/IMG_20230309_170613-1024x768.jpg\" alt=\"\" class=\"wp-image-149\" srcset=\"https:\/\/lecosydelagare.fr\/wp-content\/uploads\/2023\/03\/IMG_20230309_170613-1024x768.jpg 1024w, https:\/\/lecosydelagare.fr\/wp-content\/uploads\/2023\/03\/IMG_20230309_170613-300x225.jpg 300w, https:\/\/lecosydelagare.fr\/wp-content\/uploads\/2023\/03\/IMG_20230309_170613-768x576.jpg 768w, https:\/\/lecosydelagare.fr\/wp-content\/uploads\/2023\/03\/IMG_20230309_170613-1536x1152.jpg 1536w, https:\/\/lecosydelagare.fr\/wp-content\/uploads\/2023\/03\/IMG_20230309_170613-2048x1536.jpg 2048w\" sizes=\"(max-width: 1024px) 100vw, 1024px\" \/><\/figure>\n<\/div>\n\n\n\n<div class=\"is-layout-flow wp-block-column\">\n<figure class=\"wp-block-image size-large\"><img decoding=\"async\" loading=\"lazy\" width=\"768\" height=\"1024\" src=\"http:\/\/lecosydelagare.fr\/wp-content\/uploads\/2023\/03\/IMG_20230309_170603-768x1024.jpg\" alt=\"\" class=\"wp-image-150\" srcset=\"https:\/\/lecosydelagare.fr\/wp-content\/uploads\/2023\/03\/IMG_20230309_170603-768x1024.jpg 768w, https:\/\/lecosydelagare.fr\/wp-content\/uploads\/2023\/03\/IMG_20230309_170603-225x300.jpg 225w, https:\/\/lecosydelagare.fr\/wp-content\/uploads\/2023\/03\/IMG_20230309_170603-1152x1536.jpg 1152w, https:\/\/lecosydelagare.fr\/wp-content\/uploads\/2023\/03\/IMG_20230309_170603-1536x2048.jpg 1536w, https:\/\/lecosydelagare.fr\/wp-content\/uploads\/2023\/03\/IMG_20230309_170603-scaled.jpg 1920w\" sizes=\"(max-width: 768px) 100vw, 768px\" \/><\/figure>\n<\/div>\n<\/div>\n","protected":false},"excerpt":{"rendered":"<p>Venez le d\u00e9couvrir, il est \u00e0 Colmar \u00e0 deux pas de la gare. Location saisonni\u00e8re d\u2019un appartement climatis\u00e9 de caract\u00e8re, dot\u00e9 d\u2019un garage et situ\u00e9 \u00e0 c\u00f4t\u00e9 de la gare, \u00e0 quelques minutes \u00e0 pied du centre ville. De l\u00e0, vous pourrez d\u00e9couvrir Colmar et d\u00e9ambuler dans ses ruelles et vous laisser charmer par cette &hellip; <a href=\"https:\/\/lecosydelagare.fr\/\" class=\"more-link\">Continuer la lecture de <span class=\"screen-reader-text\">Le Cosy de la Gare<\/span><\/a><\/p>\n","protected":false},"author":1,"featured_media":0,"parent":0,"menu_order":0,"comment_status":"closed","ping_status":"closed","template":"","meta":[],"_links":{"self":[{"href":"https:\/\/lecosydelagare.fr\/index.php?rest_route=\/wp\/v2\/pages\/7"}],"collection":[{"href":"https:\/\/lecosydelagare.fr\/index.php?rest_route=\/wp\/v2\/pages"}],"about":[{"href":"https:\/\/lecosydelagare.fr\/index.php?rest_route=\/wp\/v2\/types\/page"}],"author":[{"embeddable":true,"href":"https:\/\/lecosydelagare.fr\/index.php?rest_route=\/wp\/v2\/users\/1"}],"replies":[{"embeddable":true,"href":"https:\/\/lecosydelagare.fr\/index.php?rest_route=%2Fwp%2Fv2%2Fcomments&post=7"}],"version-history":[{"count":20,"href":"https:\/\/lecosydelagare.fr\/index.php?rest_route=\/wp\/v2\/pages\/7\/revisions"}],"predecessor-version":[{"id":204,"href":"https:\/\/lecosydelagare.fr\/index.php?rest_route=\/wp\/v2\/pages\/7\/revisions\/204"}],"wp:attachment":[{"href":"https:\/\/lecosydelagare.fr\/index.php?rest_route=%2Fwp%2Fv2%2Fmedia&parent=7"}],"curies":[{"name":"wp","href":"https:\/\/api.w.org\/{rel}","templated":true}]}}

<div class="wp-block-image">
<figure class="aligncenter size-full"><img decoding="async" loading="lazy" width="876" height="569" src="http://lecosydelagare.fr/wp-content/uploads/2018/09/DSC_0193_15-1.jpg" alt="" class="wp-image-62" srcset="https://lecosydelagare.fr/wp-content/uploads/2018/09/DSC_0193_15-1.jpg 876w, https://lecosydelagare.fr/wp-content/uploads/2018/09/DSC_0193_15-1-300x195.jpg 300w, https://lecosydelagare.fr/wp-content/uploads/2018/09/DSC_0193_15-1-768x499.jpg 768w" sizes="(max-width: 876px) 100vw, 876px" /></figure></div>


<p><strong>Venez le découvrir, il est à Colmar à deux pas de la gare.</strong></p>



<p>Location saisonnière d’un appartement climatisé de caractère, doté d’un garage et situé à côté de la gare, à quelques minutes à pied du centre ville. De là, vous pourrez découvrir Colmar et déambuler dans ses ruelles et vous laisser charmer par cette cité.</p>



<div class="is-layout-flex wp-container-3 wp-block-columns">
<div class="is-layout-flow wp-block-column">
<figure class="wp-block-image size-full"><img decoding="async" loading="lazy" width="768" height="564" src="http://lecosydelagare.fr/wp-content/uploads/2018/09/DSC_0236_15.jpg" alt="" class="wp-image-58" srcset="https://lecosydelagare.fr/wp-content/uploads/2018/09/DSC_0236_15.jpg 768w, https://lecosydelagare.fr/wp-content/uploads/2018/09/DSC_0236_15-300x220.jpg 300w" sizes="(max-width: 768px) 100vw, 768px" /></figure>
</div>



<div class="is-layout-flow wp-block-column">
<figure class="wp-block-image size-full"><img decoding="async" loading="lazy" width="862" height="579" src="http://lecosydelagare.fr/wp-content/uploads/2019/02/pDSC_4224.jpg" alt="" class="wp-image-104" srcset="https://lecosydelagare.fr/wp-content/uploads/2019/02/pDSC_4224.jpg 862w, https://lecosydelagare.fr/wp-content/uploads/2019/02/pDSC_4224-300x202.jpg 300w, https://lecosydelagare.fr/wp-content/uploads/2019/02/pDSC_4224-768x516.jpg 768w" sizes="(max-width: 862px) 100vw, 862px" /></figure>
</div>
</div>



<p>Il se situe au rez-de-chaussée d’une maison de maître. Vous y découvrirez son cachet&nbsp;: il est orné aux plafonds et aux murs de très belles moulures, de radiateurs haussmanniens et de parquets de chêne.</p>



<div class="is-layout-flex wp-container-6 wp-block-columns">
<div class="is-layout-flow wp-block-column">
<figure class="wp-block-image size-large"><img decoding="async" loading="lazy" width="768" height="1024" src="http://lecosydelagare.fr/wp-content/uploads/2023/03/IMG_20230309_162615-768x1024.jpg" alt="" class="wp-image-178" srcset="https://lecosydelagare.fr/wp-content/uploads/2023/03/IMG_20230309_162615-768x1024.jpg 768w, https://lecosydelagare.fr/wp-content/uploads/2023/03/IMG_20230309_162615-225x300.jpg 225w, https://lecosydelagare.fr/wp-content/uploads/2023/03/IMG_20230309_162615-1152x1536.jpg 1152w, https://lecosydelagare.fr/wp-content/uploads/2023/03/IMG_20230309_162615-1536x2048.jpg 1536w, https://lecosydelagare.fr/wp-content/uploads/2023/03/IMG_20230309_162615-scaled.jpg 1920w" sizes="(max-width: 768px) 100vw, 768px" /></figure>
</div>



<div class="is-layout-flow wp-block-column">
<figure class="wp-block-image size-full"><img decoding="async" loading="lazy" width="760" height="507" src="http://lecosydelagare.fr/wp-content/uploads/2019/02/pDSC_4204.jpg" alt="" class="wp-image-92" srcset="https://lecosydelagare.fr/wp-content/uploads/2019/02/pDSC_4204.jpg 760w, https://lecosydelagare.fr/wp-content/uploads/2019/02/pDSC_4204-300x200.jpg 300w" sizes="(max-width: 760px) 100vw, 760px" /></figure>
</div>
</div>



<p>Son orientation et ses grandes fenêtres lui confèrent une très belle luminosité. Sa superficie est de 80 m². Il est composé de trois chambres, d’une cuisine aménagée ainsi qu’une salle de bain avec une douche et d’un W.C. séparé.</p>



<div class="is-layout-flex wp-container-9 wp-block-columns">
<div class="is-layout-flow wp-block-column">
<figure class="wp-block-image size-full"><img decoding="async" loading="lazy" width="783" height="522" src="http://lecosydelagare.fr/wp-content/uploads/2019/02/pDSC_4200.jpg" alt="" class="wp-image-89" srcset="https://lecosydelagare.fr/wp-content/uploads/2019/02/pDSC_4200.jpg 783w, https://lecosydelagare.fr/wp-content/uploads/2019/02/pDSC_4200-300x200.jpg 300w, https://lecosydelagare.fr/wp-content/uploads/2019/02/pDSC_4200-768x512.jpg 768w" sizes="(max-width: 783px) 100vw, 783px" /></figure>
</div>



<div class="is-layout-flow wp-block-column">
<figure class="wp-block-image size-full"><img decoding="async" loading="lazy" width="867" height="578" src="http://lecosydelagare.fr/wp-content/uploads/2019/02/pDSC_4215.jpg" alt="" class="wp-image-99" srcset="https://lecosydelagare.fr/wp-content/uploads/2019/02/pDSC_4215.jpg 867w, https://lecosydelagare.fr/wp-content/uploads/2019/02/pDSC_4215-300x200.jpg 300w, https://lecosydelagare.fr/wp-content/uploads/2019/02/pDSC_4215-768x512.jpg 768w" sizes="(max-width: 867px) 100vw, 867px" /></figure>
</div>
</div>



<p>Deux chambres sont aménagées chacune avec 3 lits de 90 cm et dans l’une également un petit coin salon. Il y a également la possibilité de mettre un lit bébé en appoint. Chaque chambre dispose d’un téléviseur.</p>



<p>Sur le palier, se trouve la troisième chambre qui peut servir de chambre à coucher avec un canapé convertible, ou d’une salle de jeux ou d’un salon de détente avec un écran plat. A partir de la cuisine vous pouvez accéder à une grande terrasse protégée en bois.</p>



<div class="is-layout-flex wp-container-12 wp-block-columns">
<div class="is-layout-flow wp-block-column">
<figure class="wp-block-image size-large"><img decoding="async" loading="lazy" width="768" height="1024" src="http://lecosydelagare.fr/wp-content/uploads/2023/03/IMG_20230309_162759-768x1024.jpg" alt="" class="wp-image-177" srcset="https://lecosydelagare.fr/wp-content/uploads/2023/03/IMG_20230309_162759-768x1024.jpg 768w, https://lecosydelagare.fr/wp-content/uploads/2023/03/IMG_20230309_162759-225x300.jpg 225w, https://lecosydelagare.fr/wp-content/uploads/2023/03/IMG_20230309_162759-1152x1536.jpg 1152w, https://lecosydelagare.fr/wp-content/uploads/2023/03/IMG_20230309_162759-1536x2048.jpg 1536w, https://lecosydelagare.fr/wp-content/uploads/2023/03/IMG_20230309_162759-scaled.jpg 1920w" sizes="(max-width: 768px) 100vw, 768px" /></figure>
</div>



<div class="is-layout-flow wp-block-column">
<figure class="wp-block-image size-large"><img decoding="async" loading="lazy" width="1024" height="768" src="http://lecosydelagare.fr/wp-content/uploads/2023/03/IMG_20230309_163353-1024x768.jpg" alt="" class="wp-image-170" srcset="https://lecosydelagare.fr/wp-content/uploads/2023/03/IMG_20230309_163353-1024x768.jpg 1024w, https://lecosydelagare.fr/wp-content/uploads/2023/03/IMG_20230309_163353-300x225.jpg 300w, https://lecosydelagare.fr/wp-content/uploads/2023/03/IMG_20230309_163353-768x576.jpg 768w, https://lecosydelagare.fr/wp-content/uploads/2023/03/IMG_20230309_163353-1536x1152.jpg 1536w, https://lecosydelagare.fr/wp-content/uploads/2023/03/IMG_20230309_163353-2048x1536.jpg 2048w" sizes="(max-width: 1024px) 100vw, 1024px" /></figure>
</div>
</div>



<p>Ce joli appartement de caractère est extrêmement bien situé et peut convenir à une ou deux familles pour passer de belles vacances.</p>



<p>A partir de là, vous pouvez partir à la découverte de cette magnifique région qu’est l’Alsace ou découvrir à pieds cette ville merveilleuse qui contient de nombreuses surprises.</p>



<div class="is-layout-flex wp-container-15 wp-block-columns">
<div class="is-layout-flow wp-block-column">
<figure class="wp-block-image size-large"><img decoding="async" loading="lazy" width="1024" height="656" src="http://lecosydelagare.fr/wp-content/uploads/2023/03/Little_Venice_in_Colmar_01-1024x656.jpg" alt="" class="wp-image-189" srcset="https://lecosydelagare.fr/wp-content/uploads/2023/03/Little_Venice_in_Colmar_01-1024x656.jpg 1024w, https://lecosydelagare.fr/wp-content/uploads/2023/03/Little_Venice_in_Colmar_01-300x192.jpg 300w, https://lecosydelagare.fr/wp-content/uploads/2023/03/Little_Venice_in_Colmar_01-768x492.jpg 768w, https://lecosydelagare.fr/wp-content/uploads/2023/03/Little_Venice_in_Colmar_01.jpg 1280w" sizes="(max-width: 1024px) 100vw, 1024px" /></figure>



<figure class="wp-block-image size-large"><img decoding="async" loading="lazy" width="1024" height="768" src="http://lecosydelagare.fr/wp-content/uploads/2023/03/IMG_20230309_170613-1024x768.jpg" alt="" class="wp-image-149" srcset="https://lecosydelagare.fr/wp-content/uploads/2023/03/IMG_20230309_170613-1024x768.jpg 1024w, https://lecosydelagare.fr/wp-content/uploads/2023/03/IMG_20230309_170613-300x225.jpg 300w, https://lecosydelagare.fr/wp-content/uploads/2023/03/IMG_20230309_170613-768x576.jpg 768w, https://lecosydelagare.fr/wp-content/uploads/2023/03/IMG_20230309_170613-1536x1152.jpg 1536w, https://lecosydelagare.fr/wp-content/uploads/2023/03/IMG_20230309_170613-2048x1536.jpg 2048w" sizes="(max-width: 1024px) 100vw, 1024px" /></figure>
</div>



<div class="is-layout-flow wp-block-column">
<figure class="wp-block-image size-large"><img decoding="async" loading="lazy" width="768" height="1024" src="http://lecosydelagare.fr/wp-content/uploads/2023/03/IMG_20230309_170603-768x1024.jpg" alt="" class="wp-image-150" srcset="https://lecosydelagare.fr/wp-content/uploads/2023/03/IMG_20230309_170603-768x1024.jpg 768w, https://lecosydelagare.fr/wp-content/uploads/2023/03/IMG_20230309_170603-225x300.jpg 225w, https://lecosydelagare.fr/wp-content/uploads/2023/03/IMG_20230309_170603-1152x1536.jpg 1152w, https://lecosydelagare.fr/wp-content/uploads/2023/03/IMG_20230309_170603-1536x2048.jpg 1536w, https://lecosydelagare.fr/wp-content/uploads/2023/03/IMG_20230309_170603-scaled.jpg 1920w" sizes="(max-width: 768px) 100vw, 768px" /></figure>
</div>
</div>

<p>Venez le découvrir, il est à Colmar à deux pas de la gare. Location saisonnière d’un appartement climatisé de caractère, doté d’un garage et situé à côté de la gare, à quelques minutes à pied du centre ville. De là, vous pourrez découvrir Colmar et déambuler dans ses ruelles et vous laisser charmer par cette &hellip; <a href="https://lecosydelagare.fr/" class="more-link">Continuer la lecture de <span class="screen-reader-text">Le Cosy de la Gare</span></a></p>
